*z - 50, 0*m + 5*z - 10 = 2*m. Let r be ((-8)/m)/((-1)/(-25)). What is the greatest common factor of 140 and r?
20
Let g be ((-2)/3)/((-2)/12). Let q = -15 - -23. Calculate the greatest common factor of q and g.
4
Suppose 0*l + 4*l = 8. Calculate the highest common divisor of l and 18.
2
Let j = 0 + 2. Let g be (3/(-3))/(j/(-30)). What is the highest common divisor of g and 3?
3
Let q = -6 - -12. Suppose -4*u - 8 + 32 = 0. Let s(i) = 2*i - 3. Let h be s(u). What is the greatest common factor of h and q?
3
Let k = 103 - 73. Calculate the greatest common divisor of k and 3.
3
Let y be -13 + 16 - (0 - 32). What is the highest common factor of 7 and y?
7
Suppose -2*u = -5*n + 224, -n - 2*u + 4*u = -48. What is the highest common factor of 66 and n?
22
Let x(u) = 16*u**2 - 4. Let t be x(-3). What is the greatest common divisor of 35 and t?
35
Let k = 4 - 2. Let v(l) = -2 + 1 - 2*l**2 + 3*l**2 - k*l. Let m be v(3). Calculate the greatest common factor of 14 and m.
2
Let g be (2/(-2))/(-1) + (4 - 2). What is the highest common divisor of g and 69?
3
Suppose 5 = 3*p - 1. Suppose 2*y - 3*y - 3*b + 34 = 0, b + p = 0. Calculate the greatest common divisor of y and 10.
10
Suppose 0 = -5*u + 14 + 61. What is the greatest common factor of u and 120?
15
Let q = -3 + 13. Suppose a - 30 = q. What is the greatest common divisor of 100 and a?
20
Let x = 6 - 3. Let o(i) = 1 - 2*i**2 - 2*i**3 + x*i**3 - 6*i + 8*i**2. Let f be o(-5). Calculate the greatest common factor of f and 7.
7
Let b = -5 + 10. Suppose d - 5*d + z + 316 = 0, -260 = -3*d - b*z. What is the greatest common factor of d and 32?
16
Let m(h) = -h**2 - 10*h + 3. Let y be m(-10). Suppose -j + 0*j + 3 = 0. Suppose j*b = 2*b + 2. Calculate the greatest common divisor of y and b.
1
Suppose 13*b - 455 = 481. What is the greatest common factor of b and 96?
24
Let r(w) = w**3 - 18*w**2 + 33*w - 6. Let f be r(16). Let q = 4 - -46. Calculate the highest common factor of f and q.
10
Suppose 3*m = m. Suppose m = 5*t - 37 + 2. Calculate the greatest common divisor of 63 and t.
7
Let a(r) = 3*r + 1. Let f = -3 - -12. Suppose i - 3*t + 6 = 0, 0*t - f = -5*i + 2*t. Let j be a(i). Calculate the greatest common divisor of j and 80.
10
Suppose 5*y - 999 = -149. Calculate the greatest common divisor of 68 and y.
34
Let l(k) = -2*k + 2. Let c be l(-3). Let z(g) = -g**3 + 4*g**2 + g - 3. Let i be z(4). Calculate the greatest common factor of c and i.
1
Let o be (-186)/(-9) + (-1)/(-3). Calculate the greatest common divisor of o and 84.
21
Suppose 0 = -2*z - 2 + 4. Suppose z = 4*v - 7. Let c(d) = -d**3 + 6*d**2 + 4. Let o be c(6). What is the greatest common factor of v and o?
2
Suppose 8 = 5*d + 33. Let h be 97/1 + d + 4. Let t be (-1 - -2)/(3/h). Calculate the highest common factor of 4 and t.
4
Suppose -11*b = -7*b - 80. What is the greatest common divisor of 8 and b?
4
Let z = 13 + -8. Suppose -5*g + 15 = 0, -3*p - 3*g - 9 = -33. Calculate the highest common divisor of z and p.
5
Suppose -3*u = 2*w - 16, 0 - 5 = w - 5*u. Suppose -1 - w = -n. What is the greatest common divisor of n and 30?
6
Let u(v) = -v + 75. Let m = -5 + 5. Let f be u(m). Suppose -3*l - l + 120 = 0. Calculate the highest common factor of f and l.
15
Let f be (15/10)/((-2)/12). Let b be (f + -2 + 1)/(-2). Let j(q) = -q**3 + 6*q**2 - 3*q - 6. Let c be j(b). Calculate the greatest common factor of c and 4.
4
Let t(a) = 2 + 3*a + a**2 + a**2 + a**2. Let s be t(-4). Let o be (3 + 36 - 1)*5/10. What is the highest common factor of s and o?
19
Let x be -35 - 0*2/(-6). Let w be 2/(-7) + (-10)/x. Suppose 5*y - 114 + 4 = w. Calculate the greatest common divisor of 198 and y.
22
Let k(i) = 8*i**2 - 2*i - 1. Let r be k(-1). Calculate the highest common divisor of 45 and r.
9
Suppose 4*w - 472 = 4*v, -3*v - 10 = -8*v. Calculate the greatest common factor of w and 20.
20
Suppose -3*s = -a + 340, 3*s + 1960 = 4*a + 600. Suppose 3*v + v - a = 0. Let r be 4/(-14) - (-242)/14. Calculate the highest common divisor of v and r.
17
Let o(n) = n**3 - n**2 - 1. Let p be o(2). Suppose -p*r + 4*c - 10 = 0, 10 = -r - 2*c + 5*c. Let y = r + 5. What is the greatest common divisor of y and 1?
1
Suppose -t = 3*q - 5*q - 46, 0 = 2*t - q - 98. Suppose 3*x + 4*v - t = x, 2*x = -v + 38. What is the greatest common factor of x and 17?
17
Let t = 6 - 9. Let y be -3*3*(t - -2). Let d be (-13 + -2)*y/(-15). Calculate the greatest common factor of 1 and d.
1
Let z(q) = q**2 + 10*q - 2. Let m be z(4). What is the greatest common factor of 27 and m?
27
Let y(c) = -c**3 - 27*c**2 + 21. Let u be y(-27). Calculate the greatest common factor of 21 and u.
21
Suppose -d = -0*d + 4, -54 = -r + 4*d. What is the highest common factor of 95 and r?
19
Suppose -8*d = -5*d - u - 31, 1 = -u. Calculate the highest common factor of d and 110.
10
Let m be (3 - (-1)/(-1))*2. Suppose 0 = -m*f + 14 + 34. Let k(j) = -4*j**3 + 2*j**2 + 2*j. Let a be k(-2). Calculate the highest common divisor of a and f.
12
Suppose -3*j = j + 3*c - 2, -4*j - 2*c = -4. Calculate the highest common divisor of j and 22.
2
Let i = -85 - -145. What is the greatest common factor of i and 20?
20
Let d(s) = -s**3 + 9*s**2 + 7*s - 7. Let f be d(9). What is the highest common factor of 7 and f?
7
Suppose -18 = -3*q + 6. Suppose 3*z = -0*z - 3*u - 9, 2*z + 4*u + 14 = 0. What is the greatest common factor of z and q?
1
Suppose h = -2 + 18. Let p(i) = -5*i + 4. Let o(u) = 6*u - 4. Let s(g) = 6*o(g) + 5*p(g). Let r be s(4). What is the greatest common divisor of r and h?
8
Let u = -13 - -15. What is the greatest common factor of 14 and u?
2
Suppose 4*f + 4*z - 169 = f, -z + 259 = 5*f. Calculate the highest common divisor of 17 and f.
17
Let p be 1/2*(-5 + 9). Suppose -m + 6*m = 3*b - 106, -4*m = p*b - 34. Let o be -11 + b + 1/1. What is the greatest common divisor of 68 and o?
17
Let j = 87 + -35. Let a(u) = 25*u**2 - u. Let x be a(-1). Calculate the greatest common divisor of j and x.
26
Let g = -10 - -8. Let d be 68 - g*1/2. Let w(n) = -8*n + 6. Let a be w(-5). Calculate the highest common divisor of d and a.
23
Let t(r) = -30*r - 4. Let v be t(3). Let x = 189 + v. What is the highest common factor of x and 38?
19
Let a(f) = -f**3 - 13*f**2 - 4*f - 16. Let i be a(-13). Calculate the highest common divisor of i and 18.
18
Let v be 75/(-2)*(23 + -25). Calculate the highest common factor of v and 30.
15
Let j(a) = -a**3 + 6*a**2 - 7*a + 7. Let d be j(5). Let b be (-12)/3*d/6. Let o be (b/6)/(2/54). What is the greatest common divisor of 3 and o?
3
Let q = 50 + 38. Let a be (4 + -1)/((-3)/4). Let z be 2 + 21 + a + 3. What is the highest common divisor of z and q?
22
Let p = -16 - -102. Calculate the highest common divisor of p and 129.
43
Let b = 10 - 8. Let z be (-2 - -19) + b + -4. What is the highest common factor of 10 and z?
5
Let r = -436 - -722. What is the highest common factor of 26 and r?
26
Let p(k) = -3*k - 5. Let w be p(-7). Suppose -7*n = -4*n - 72. Calculate the greatest common factor of n and w.
8
Let i be (-1924)/(-16) - ((-15)/(-12))/5. What is the greatest common divisor of i and 24?
24
Let b = -35 - -4. Let o = b - -56. Let h be ((-30)/(-8))/((-15)/(-800)). Calculate the greatest common divisor of h and o.
25
Let k be (-6)/9 + (-11)/(-3). Suppose 3*i - 291 = i - v, -k*i + 3*v = -441. Let y = i - 48. What is the greatest common factor of y and 14?
14
Let o(v) = v + 7*v + v**2 - v. Let w be o(-3). Let z = 29 + w. Calculate the greatest common divisor of z and 136.
17
Let p = -46 - -58. Calculate the highest common divisor of p and 48.
12
Let h be (-2 - 0/2) + 4. Suppose 0 = -h*f + 1 + 9. Suppose 15 = -4*t + 75. What is the highest common divisor of t and f?
5
Suppose 4 + 1 = v. Let a(j) = -j + 8. Let x be a(v). Suppose -2*u + 16 = x*n, u = -n + 5*u - 18. What is the highest common divisor of n and 22?
2
Suppose 0 = 5*l + o - 5, -2*o = 4*l - 0*o - 10. Let f be (1 + 8 + l)*-1. Let q be 26/6 + 3/f. Calculate the highest common factor of 12 and q.
4
Let i(u) = u + 5. Let s be i(-4). Let g be (s + -5)*(-1 + -1). Calculate the greatest common factor of 40 and g.
8
Let k be (0*3/(-3))/(-2). Suppose -2*i - 3*i + 40 = k. Calculate the greatest common divisor of 1 and i.
1
Let z(s) = s - 6. Let f = 33 - 23. Let b be z(f). Suppose